hat is the units digit of 27007?
7
What is the tens digit of 618?
1
What is the thousands digit of 4941?
4
What is the thousands digit of 28721?
8
What is the hundreds digit of 2283?
2
What is the thousands digit of 1261?
1
What is the ten thousands digit of 18265?
1
What is the units digit of 835?
5
What is the ten thousands digit of 44177?
4
What is the hundreds digit of 74678?
6
What is the units digit of 1998?
8
What is the units digit of 922?
2
What is the hundreds digit of 14518?
5
What is the units digit of 298?
8
What is the tens digit of 486?
8
What is the hundreds digit of 16816?
8
What is the hundreds digit of 192?
1
What is the units digit of 381?
1
What is the units digit of 2355?
5
What is the thousands digit of 12887?
2
What is the hundreds digit of 2463?
4
What is the tens digit of 671?
7
What is the units digit of 13961?
1
What is the tens digit of 939?
3
What is the tens digit of 7813?
1
What is the units digit of 67315?
5
What is the thousands digit of 2759?
2
What is the ten thousands digit of 31911?
3
What is the tens digit of 144203?
0
What is the hundreds digit of 20291?
2
What is the units digit of 801?
1
What is the hundreds digit of 4998?
9
What is the ten thousands digit of 22083?
2
What is the units digit of 7984?
4
What is the hundreds digit of 1434?
4
What is the units digit of 91396?
6
What is the thousands digit of 16369?
6
What is the tens digit of 101859?
5
What is the tens digit of 776?
7
What is the hundreds digit of 1020?
0
What is the hundreds digit of 20059?
0
What is the tens digit of 32542?
4
What is the tens digit of 1963?
6
What is the tens digit of 4255?
5
What is the tens digit of 1275?
7
What is the tens digit of 7024?
2
What is the units digit of 47340?
0
What is the ten thousands digit of 12900?
1
What is the thousands digit of 131424?
1
What is the thousands digit of 4258?
4
What is the hundreds digit of 625?
6
What is the units digit of 710?
0
What is the units digit of 4808?
8
What is the tens digit of 23176?
7
What is the tens digit of 7918?
1
What is the thousands digit of 1047?
1
What is the tens digit of 1679?
7
What is the hundreds digit of 589?
5
What is the units digit of 33534?
4
What is the thousands digit of 34372?
4
What is the hundreds digit of 23961?
9
What is the thousands digit of 6689?
6
What is the units digit of 71816?
6
What is the thousands digit of 4181?
4
What is the units digit of 2524?
4
What is the units digit of 38547?
7
What is the units digit of 173131?
1
What is the ten thousands digit of 11269?
1
What is the hundreds digit of 785?
7
What is the hundreds digit of 1144?
1
What is the tens digit of 45219?
1
What is the tens digit of 7509?
0
What is the units digit of 7233?
3
What is the units digit of 40225?
5
What is the thousands digit of 18187?
8
What is the tens digit of 473?
7
What is the units digit of 408?
8
What is the units digit of 1601?
1
What is the thousands digit of 8508?
8
What is the hundreds digit of 1062?
0
What is the tens digit of 11852?
5
What is the units digit of 19518?
8
What is the tens digit of 17783?
8
What is the tens digit of 38975?
7
What is the thousands digit of 5645?
5
What is the units digit of 33887?
7
What is the units digit of 22288?
8
What is the units digit of 105165?
5
What is the tens digit of 13?
1
What is the hundreds digit of 435?
4
What is the units digit of 50195?
5
What is the units digit of 8537?
7
What is the units digit of 1155?
5
What is the units digit of 20962?
2
What is the hundreds digit of 5762?
7
What is the thousands digit of 1464?
1
What is the hundreds digit of 433?
4
What is the hundreds digit of 36245?
2
What is the hundreds digit of 767?
7
What is the ten thousands digit of 86540?
8
What is the hundreds digit of 921?
9
What is the units digit of 17253?
3
What is the hundreds digit of 2887?
8
What is the tens digit of 15857?
5
What is the tens digit of 1571?
7
What is the units digit of 8052?
2
What is the tens digit of 473?
7
What is the thousands digit of 1464?
1
What is the hundreds digit of 429?
4
What is the hundreds digit of 6788?
7
What is the units digit of 5577?
7
What is the units digit of 4753?
3
What is the units digit of 81045?
5
What is the tens digit of 344?
4
What is the ten thousands digit of 11689?
1
What is the units digit of 1418?
8
What is the tens digit of 451?
5
What is the hundreds digit of 1581?
5
What is the hundreds digit of 32534?
5
What is the ten thousands digit of 47172?
4
What is the thousands digit of 3059?
3
What is the units digit of 14250?
0
What is the thousands digit of 7263?
7
What is the ten thousands digit of 85432?
8
What is the units digit of 3032?
2
What is the thousands digit of 26928?
6
What is the tens digit of 3207?
0
What is the tens digit of 90?
9
What is the tens digit of 4858?
5
What is the thousands digit of 10071?
0
What is the units digit of 68794?
4
What is the hundreds digit of 1724?
7
What is the tens digit of 638?
3
What is the tens digit of 1481?
8
What is the tens digit of 7515?
1
What is the thousands digit of 22583?
2
What is the tens digit of 4006?
0
What is the thousands digit of 1163?
1
What is the tens digit of 2267?
6
What is the hundreds digit of 15772?
7
What is the units digit of 1180?
0
What is the hundreds digit of 76291?
2
What is the tens digit of 6234?
3
What is the tens digit of 1605?
0
What is the hundreds digit of 1273?
2
What is the units digit of 1436?
6
What is the hundreds digit of 1344?
3
What is the units digit of 34184?
4
What is the units digit of 939?
9
What is the units digit of 1015?
5
What is the tens digit of 5960?
6
What is the units digit of 8564?
4
What is the tens digit of 11368?
6
What is the tens digit of 9809?
0
What is the tens digit of 14155?
5
What is the hundreds digit of 12411?
4
What is the hundreds digit of 258?
2
What is the tens digit of 242?
4
What is the hundreds digit of 16683?
6
What is the units digit of 86705?
5
What is the units digit of 8482?
2
What is the hundreds digit of 2608?
6
What is the tens digit of 1782?
8
What is the ten thousands digit of 35547?
3
What is the units digit of 9960?
0
What is the hundreds digit of 46383?
3
What is the hundreds digit of 3739?
7
What is the hundreds digit of 256?
2
What is the units digit of 5963?
3
What is the tens digit of 4293?
9
What is the tens digit of 3181?
8
What is the hundreds digit of 76266?
2
What is the hundreds digit of 30856?
8
What is the tens digit of 3229?
2
What is the hundreds digit of 1024?
0
What is the units digit of 363?
3
What is the hundreds digit of 342?
3
What is the hundreds digit of 189?
1
What is the ten thousands digit of 24584?
2
What is the tens digit of 380?
8
What is the hundreds digit of 1367?
3
What is the tens digit of 28432?
3
What is the hundreds digit of 340?
3
What is the hundreds digit of 712?
7
What is the tens digit of 3579?
7
What is the units digit of 90?
0
What is the hundreds digit of 5568?
5
What is the units digit of 260?
0
What is the tens digit of 14735?
3
What is the thousands digit of 2552?
2
What is the tens digit of 3534?
3
What is the thousands digit of 1530?
1
What is the units digit of 13209?
9
What is the hundreds digit of 11393?
3
What is the thousands digit of 21042?
1
What is the thousands digit of 8772?
8
What is the hundreds digit of 15164?
1
What is the hundreds digit of 1208?
2
What is the tens digit of 1682?
8
What is the tens digit of 3336?
3
What is the thousands digit of 1982?
1
What is the hundreds digit of 904?
9
What is the units digit of 918?
8
What is the hundreds digit of 525?
5
What is the tens digit of 246?
4
What is the ten thousands digit of 29648?
2
What is the units digit of 6097?
7
What is the units digit of 2470?
0
What is the tens digit of 126742?
4
What is the units digit of 347?
7
What is the thousands digit of 57028?
7
What is the hundreds digit of 631?
6
What is the tens digit of 2518?
1
What is the hundreds digit of 4807?
8
What is the thousands digit of 120653?
0
What is the units digit of 11341?
1
What is the thousands digit of 74978?
4
What is the units digit of 155902?
2
What is the ten thousands digit of 34487?
3
What is the units digit of 28166?
6
What is the thousands digit of 30705?
0
What is the tens digit of 8661?
6
What is the hundreds digit of 6